rue
Is 258 a factor of 332306688?
False
Is 3473096 a multiple of 61?
True
Does 14 divide 30663388?
True
Is 2780 a factor of 1993588040?
True
Does 22 divide 5437634?
False
Is 70217131 a multiple of 1583?
True
Is 417563304 a multiple of 76?
True
Is 166 a factor of 1030362?
True
Is 23 a factor of 417744898?
False
Is 19 a factor of 5185366?
True
Is 43 a factor of 82173976?
False
Is 90 a factor of 37266120?
True
Is 117 a factor of 9616613?
False
Does 82 divide 20363552?
True
Is 18730740 a multiple of 1385?
True
Is 54 a factor of 1020989502?
True
Is 4032529 a multiple of 192?
False
Does 661 divide 347876880?
False
Is 351347066 a multiple of 2086?
True
Is 585 a factor of 192946719?
False
Does 2154 divide 90974190?
True
Does 7558 divide 3063880003?
False
Is 18 a factor of 1482544800?
True
Does 12414 divide 303976593?
False
Does 14 divide 32425750?
True
Is 418340387 a multiple of 434?
False
Is 55 a factor of 617365295?
False
Is 32962888 a multiple of 4?
True
Is 84819420 a multiple of 178?
False
Does 47 divide 780023327?
True
Does 1682 divide 13557987?
False
Is 186381688 a multiple of 8?
True
Does 441 divide 283950803?
False
Does 208 divide 8669942?
False
Is 141 a factor of 2265165?
True
Is 15 a factor of 639406838?
False
Does 4851 divide 184900716?
True
Is 5464640 a multiple of 8?
True
Does 759 divide 414805878?
False
Is 205606937 a multiple of 69?
False
Is 30 a factor of 1441350?
True
Is 2095039049 a multiple of 3617?
False
Is 180829669 even?
False
Does 2 divide 9366906?
True
Is 879077754 a multiple of 4089?
True
Does 269 divide 891626324?
True
Does 320 divide 126670400?
True
Does 60 divide 61811383?
False
Does 1048 divide 38584343?
False
Is 24054830 a multiple of 170?
True
Does 90 divide 44094420?
True
Does 82 divide 705764519?
False
Is 735307952 a multiple of 517?
False
Is 21 a factor of 76806639?
True
Is 513692 a multiple of 19?
False
Is 62295220 a multiple of 52?
True
Does 12 divide 30321960?
True
Is 9 a factor of 26032329?
True
Does 64 divide 185862912?
True
Does 9 divide 13508109?
True
Is 1118 a factor of 70700084?
True
Does 13 divide 72008482?
True
Is 5294465 a multiple of 55?
True
Does 953 divide 12420068?
False
Does 107 divide 36497700?
True
Does 15 divide 684215400?
True
Is 32149959 a multiple of 75?
False
Is 135 a factor of 74112265?
False
Is 5013778468 a multiple of 64?
False
Is 18240259 a multiple of 35?
False
Does 3 divide 212643882?
True
Does 461 divide 139762292?
True
Is 11 a factor of 300050534?
False
Is 5 a factor of 150916909?
False
Is 157437404 a multiple of 94?
True
Does 27 divide 98955276?
False
Does 34 divide 258988986?
False
Is 611 a factor of 84495190?
True
Is 1146 a factor of 107497092?
True
Does 18 divide 5069153?
False
Is 7 a factor of 1136585572?
False
Is 3046785 a multiple of 15?
True
Is 48 a factor of 125626562?
False
Does 1418 divide 85844814?
False
Is 70178279 a multiple of 21?
False
Is 2985083406 a multiple of 1062?
True
Is 33335746 a multiple of 28?
False
Does 430 divide 5550808940?
True
Is 15693374 a multiple of 554?
False
Does 19 divide 187016061?
False
Does 661 divide 429433192?
True
Does 25 divide 351675?
True
Is 20 a factor of 146225720?
True
Is 1838 a factor of 1712980?
False
Is 1840158432 a multiple of 1512?
True
Does 748 divide 134338556?
True
Is 35703994 a multiple of 43?
False
Is 21 a factor of 20714139?
False
Is 9 a factor of 13855041?
True
Is 2007894252 a multiple of 52?
True
Does 1244 divide 316862064?
False
Is 131166405 a multiple of 45?
True
Does 29 divide 93686948?
False
Does 181 divide 33794329?
True
Is 7208618 a multiple of 74?
False
Is 565 a factor of 25965296?
False
Is 11 a factor of 310471?
False
Does 1379 divide 103629092?
True
Is 56 a factor of 31147883?
False
Does 340 divide 280497620?
True
Is 2857 a factor of 595444223?
False
Is 15 a factor of 3156286720?
False
Is 6300628 a multiple of 19?
True
Is 27967738 a multiple of 79?
True
Is 33397897 a multiple of 13?
True
Does 9223 divide 2434780080?
False
Does 8 divide 12842943?
False
Is 68682342 a multiple of 32?
False
Does 657 divide 17906535?
True
Does 20 divide 34902780?
True
Does 2150 divide 267303050?
True
Is 16 a factor of 312306992?
True
Does 22 divide 224586594?
False
Is 13 a factor of 1972608144?
True
Does 45 divide 29966663?
False
Is 249556836 a multiple of 18?
False
Is 1902454158 a multiple of 1397?
True
Is 429 a factor of 400723752?
True
Does 3106 divide 139468976?
False
Is 40 a factor of 143704807?
False
Does 372 divide 175055388?
True
Is 13380312 a multiple of 567?
False
Is 89690723 a multiple of 33?
False
Is 9 a factor of 2077272?
True
Is 510159098 a multiple of 13?
False
Does 271 divide 1371630184?
False
Is 2057 a factor of 30608160?
True
Does 1418 divide 351888044?
True
Is 464044840 a multiple of 3003?
False
Is 301 a factor of 5061292896?
False
Is 8 a factor of 4263541528?
True
Is 457 a factor of 6854543?
True
Does 13 divide 62450871?
False
Does 729 divide 1118692704?
False
Is 22358817 a multiple of 5?
False
Is 51229656 a multiple of 72?
True
Does 2 divide 5518371?
False
Does 757 divide 436832278?
False
Is 137512799 a multiple of 315?
False
Is 89 a factor of 1911524645?
True
Is 1227 a factor of 67873973?
False
Does 563 divide 545937722?
True
Is 11 a factor of 39887067?
True
Is 69 a factor of 5458314?
True
Is 638 a factor of 2285892375?
False
Is 35 a factor of 19420905?
True
Is 82 a factor of 457641918?
True
Does 18 divide 253731402?
True
Is 72 a factor of 102238977?
False
Is 751 a factor of 246352783?
True
Is 4723 a factor of 92235467?
True
Is 1155394400 a multiple of 8?
True
Does 25 divide 1129712179?
False
Does 793 divide 27023854?
True
Is 1793615355 a multiple of 245?
True
Is 94 a factor of 1001059298?
True
Is 52198930 a multiple of 34?
False
Does 451 divide 8380482?
True
Does 3587 divide 1857951216?
True
Does 406 divide 10066016?
False
Does 2472 divide 663457123?
False
Is 2 a factor of 9296475?
False
Is 4975 a factor of 879309801?
False
Is 2242 a factor of 51337316?
True
Does 2336 divide 182345824?
True
Is 124502533 a multiple of 3?
False
Does 9 divide 88638997?
False
Is 2376861215 a multiple of 563?
False
Is 227878296 a multiple of 236?
True
Does 43 divide 1139453?
False
Is 114095935 a multiple of 355?
True
Is 394 a factor of 531365051?
False
Does 900 divide 70562707?
False
Is 8104960 a multiple of 320?
True
Is 56476140 a multiple of 188?
True
Is 368662848 a multiple of 39?
False
Is 145 a factor of 216730661?
False
Is 43924584 a multiple of 24?
True
Does 102 divide 4793053?
False
Is 3754 a factor of 66971360?
True
Is 66527245 a multiple of 53?
False
Is 217076402 a multiple of 11?
False
Does 418 divide 659932971?
False
Is 1291 a factor of 861600490?
True
Is 7 a factor of 669529?
True
Does 479 divide 86710975?
True
Is 1376 a factor of 10438132?
False
Is 735 a factor of 6418391?
False
Does 108 divide 1871779536?
True
Is 949 a factor of 3963975450?
False
Does 54 divide 227023275?
False
Is 3419014655 a multiple of 1145?
True
Is 115 a factor of 466558335?
True
Does 8 divide 6566720?
True
Does 5 divide 527220027?
False
Does 620 divide 66543980?
True
Is 54 a factor of 195443550?
True
Does 128 divide 54701440?
True
Is 18 a factor of 79071352?
False
Is 342 a factor of 27025866?
True
Is 86621175 a multiple of 508?
False
Does 53 divide 15825509?
False
Is 2258498564 a multiple of 17?
False
Is 136 a factor of 9909229?
False
Is 17508687 a multiple of 211?
False
Is 245 a factor of 82451810?
True
Is 1761544418 a multiple of 255?
False
Is 249510235 a multiple of 13?
True
Does 43 divide 467905274?
True
Does 916 divide 119196332?
True
Does 297 divide 91500651?
True
Does 2855 divide 2673585932?
False
Is 23318053 a multiple of 1639?
True
Does 44 divide 15841303?
False
Does 187 divide 17724795?
True
Is 92 a factor of 49336180?
False
Does 271 divide 646832285?
True
Is 405506733 a multiple of 469?
False
Does 29 divide 80390237?
False
Is 18 a factor of 79512963?
False
Does 22 divide 14904890?
True
Does 426 divide 7645419?
False
Does 1942 divide 130190880?
False
Is 160 a factor of 634696880?
False
Does 5093 divide 2160898784?
True
Does 318 divide 850566048?
True
Does 766 divide 8763806?
True
Is 806 a factor of 109194047?
False
Does 27 divide 400093197?
False
Does 23 divide 209646956?
False
Is 94 a factor of 18652044?
True
Is 21166992 a multiple of 1